 -48 = -2*j - 2*h. Calculate the greatest common divisor of y and j.
11
Let f be (-3 + (-214)/(-2))*(-18)/(-24). What is the greatest common factor of 13 and f?
13
Let t = -161 + 251. Suppose -3 = i - 2. Let n be 38/4 + i/(-2). What is the highest common divisor of t and n?
10
Suppose -4*j = j - 20. Let x be 2/(-3)*(-6)/j. Calculate the greatest common factor of x and 4.
1
Suppose -g + 21 = 4*p, 4*g + p = -p + 84. Suppose 2*a = b - 140, 5*b = a + 600 + 82. Suppose -11 = -c + b. Calculate the greatest common factor of g and c.
21
Let s(x) = x**3 - 4*x**2 - 5*x - 15. Let g be s(6). What is the highest common divisor of g and 63?
9
Let j = 36 + -16. Let a be -15*(-2)/(j/6). Let r = 60 - 15. Calculate the highest common factor of a and r.
9
Let s(m) = -m + 3. Let n be s(6). Let r be 14/(3*(-1)/n). Let c = 139 + -83. What is the highest common divisor of c and r?
14
Suppose 0*s + 4*s = 4. Let h be 2*20*s/2. Suppose -3*z = z - 16. What is the greatest common divisor of h and z?
4
Let m be -4*3/6 + 28 - 4. Calculate the highest common factor of 55 and m.
11
Suppose -4*l = -2*g, -g + 4*l = 1 + 1. Calculate the greatest common factor of 10 and g.
2
Suppose 0 = -3*n + 5*p - 5 - 4, 0 = -3*n + 2*p. Let q be ((-2)/(-4))/((-2)/(-12)*1). Calculate the greatest common divisor of n and q.
1
Let a = -246 + 361. Suppose u - 6*u = -a. Suppose -97 - u = -4*g. What is the highest common factor of 10 and g?
10
Let f(l) = -l + 1. Let g be f(3). Let k be (-14)/4 - (-3)/6. Let h be 13/g*(-5 - k). Calculate the greatest common divisor of 117 and h.
13
Suppose -t + 3*a + a + 11 = 0, 5*a = 4*t - 22. Calculate the highest common divisor of t and 24.
3
Let j(g) = 4*g**2 - 1. Let u be (0 - 1 - -2)/1. Let d be j(u). Suppose -4*a + 5*l + 230 = a, a + d*l - 42 = 0. What is the greatest common factor of 9 and a?
9
Suppose -2*k - 12 = 2*k. Let b = -8 - -10. Let a be (b - -3) + (-2 - k). Calculate the greatest common divisor of 42 and a.
6
Suppose -4*a - 7 = 45. Let h = 21 + a. Suppose -2*p + 2 = h, -3*j + 33 = 4*p. What is the greatest common factor of 3 and j?
3
Suppose 0 = 4*k - 0*k + 180. Let n = k + 77. What is the greatest common divisor of 48 and n?
16
Let n = 54 - 52. Calculate the highest common divisor of 22 and n.
2
Let z = 161 + -150. What is the highest common divisor of z and 77?
11
Suppose 6*h - 10 - 2 = 0. What is the highest common divisor of h and 8?
2
Let n(o) = -1 - 3 + 0*o - o + 3. Let p be n(-13). Calculate the greatest common factor of p and 12.
12
Let m(v) = v**3 - 5*v**2 + 3*v - 3. Let x be m(6). What is the highest common divisor of x and 17?
17
Let u be (-6)/8*(4 + -24). Calculate the greatest common divisor of 60 and u.
15
Suppose 28 = 2*h + 2*b, 3*h = -0*h - 4*b + 47. Calculate the greatest common factor of 3 and h.
3
Let v = 85 + -15. What is the highest common factor of v and 10?
10
Suppose d - 3*d + 2 = 0. Suppose u + 4*u - 9 = -4*w, -u + w = 0. What is the greatest common factor of d and u?
1
Let n = -8 - -12. Suppose 0 = j - n*v - 31, j + 0*v = v + 28. Suppose 5*l = -4*b + l + 20, 0 = -2*b - 3*l + 6. Calculate the greatest common divisor of j and b.
9
Let a = 63 - 42. Let d be 0 - (1 + -3 + 216/(-18)). Calculate the highest common factor of a and d.
7
Let o(n) = 3*n**2 - 3*n + 8. Let f be o(-4). What is the highest common divisor of f and 17?
17
Let o be 2/(-4)*-4*4. Let j = o - 5. What is the highest common divisor of 21 and j?
3
Suppose 3*x - 54 = -0*t + 3*t, -20 = -2*x - 2*t. Let p be (-1)/(475/(-2310) - 2/(-11)). What is the greatest common divisor of x and p?
14
Suppose -g + 2*g = 6. What is the greatest common divisor of 48 and g?
6
Let n = 38 + -36. Suppose -2*c + 14 = 2*v, 0 = 4*c - 4*v + 2*v - 34. What is the highest common divisor of c and n?
2
Let c be 29/(-2)*30/(-3). Suppose -2*f + 4*g = 3*f - 298, -5*f + g + 292 = 0. Calculate the greatest common factor of c and f.
29
Let n(q) = -q**2 + 5*q + 3. Let j be n(5). What is the greatest common divisor of j and 3?
3
Suppose -3*g = -3*i + 111, 5*i + 4*g - 131 - 36 = 0. What is the highest common divisor of i and 5?
5
Suppose 3*c - 5*u + 6 = 0, 5*c - 20 = -3*u + 4. Calculate the greatest common divisor of 33 and c.
3
Let n be (-3 - 1) + (7 - -3). What is the greatest common divisor of 54 and n?
6
Let x be (-6)/(-45) + (-1737)/(-135). Calculate the greatest common divisor of 117 and x.
13
Suppose 0 = 28*c - 9*c - 437. What is the highest common factor of 46 and c?
23
Suppose -61 - 23 = -6*x. What is the greatest common factor of x and 35?
7
Let x be (-2 - -1) + (-45)/(-1). Let i = x - 29. Calculate the highest common factor of 10 and i.
5
Let s(j) = j**2 + j + 7. Let g be s(-4). What is the highest common divisor of g and 133?
19
Let f be 77 + 4/(-16)*0. What is the highest common factor of f and 11?
11
Let r = -10 - -43. Calculate the greatest common factor of r and 3.
3
Suppose 5*y - 10*y = -50. Let g be (-3*4/(-3))/2. Calculate the greatest common factor of y and g.
2
Let d be 5/((-15)/(-246)) - (-4 - -1). What is the greatest common divisor of d and 17?
17
Let s be (-61)/(-7) + 2/7. Let o = -36 - -117. Calculate the greatest common factor of s and o.
9
Let n(u) = u**2 - 2. Let b be n(-2). Let r be -2 + 4 - (b + -2). Calculate the highest common factor of r and 5.
1
Let c be ((-24)/30)/(2/(-5)). Let o be 6/3 + 2 + c. Let z be ((-3)/2)/(3/(-30)). Calculate the highest common factor of z and o.
3
Suppose 5*t = 3*l + 41, -t + 4*l = -17 + 2. Let g(s) = -s**3 + 7*s**2 + s + 10. Let u be g(t). Calculate the greatest common divisor of 17 and u.
17
Let v(j) = -j - 1. Let d(s) = 8*s - 3. Let b(n) = 2*d(n) + 2*v(n). Let a be b(7). What is the greatest common factor of 10 and a?
10
Let b = -2 - -5. Suppose -13 = -i - 7. What is the greatest common divisor of i and b?
3
Let t(i) be the second derivative of i**3/6 + 8*i**2 + 6*i. Let c be t(-11). What is the highest common divisor of 2 and c?
1
Let g(c) = -c**3 - 7*c**2 - 11*c - 10. Let i be g(-6). Calculate the greatest common divisor of 260 and i.
20
Suppose 3*r - 864 = -204. What is the highest common divisor of r and 20?
20
Let i(u) = u**2 + 5*u + 5. Let j be i(-4). Calculate the greatest common factor of 1 and j.
1
Let g(a) = 10*a**2 - 11*a + 11. Let b be g(7). What is the highest common divisor of 53 and b?
53
Suppose -5*m = -25 - 5. Suppose -5*j + 26 = -0*g + 2*g, -2*j = g - 10. What is the greatest common factor of j and m?
6
Let d(s) = s**3 - 7*s**2 + s + 8. Let u be d(7). Let b = 27 - 12. What is the highest common factor of u and b?
15
Let s(f) = -18*f + 116. Let r be s(6). Let y = -75 + 115. Calculate the greatest common factor of y and r.
8
Suppose -4*m = -8, 4*x = -x + m + 308. What is the highest common divisor of 31 and x?
31
Suppose 2*u = p - 47, -4*u + 96 - 229 = -3*p. Let b = 22 + -9. What is the greatest common factor of b and p?
13
Suppose -2*s = 2*j - 4*s, 2*s = -j + 9. Suppose 5*f - 4 = 1. Calculate the highest common factor of f and j.
1
Let u(v) = -3*v**2 + 9. Let d be u(7). Let i be (-1)/3*d/2. Calculate the highest common factor of i and 161.
23
Let p = -75 + 78. Calculate the greatest common factor of 21 and p.
3
Let i = -18 + 24. Calculate the greatest common divisor of 48 and i.
6
Let u = 23 + -5. Let v = -43 + 136. Let d = v - 66. What is the highest common divisor of u and d?
9
Let k = 72 + -32. Calculate the greatest common divisor of 100 and k.
20
Suppose 2*a + 4*i = -0*a, a = i + 15. Calculate the highest common divisor of a and 15.
5
Let z be (28/10 - 2) + 2136/30. Calculate the highest common factor of z and 54.
18
Let s be 33 - (12/3 + -1). Let q be 21 + (-1)/(-2)*-2. Calculate the highest common divisor of s and q.
10
Suppose o - 3*o + 2 = 0. Let s(c) = -c + 2. Let n be s(-7). Calculate the greatest common factor of o and n.
1
Let o = -9 - -3. Let g = 17 + o. Calculate the highest common factor of g and 77.
11
Let b(r) = r**3 + r**2 + 4*r - 4. Let u be b(2). What is the highest common divisor of 176 and u?
16
Let m(i) = 2*i**2 - 4*i + 4. Let j be m(4). Calculate the highest common factor of j and 10.
10
Suppose 0 = 3*n - 6*n + 9. Let t be 3/n*1 - -1. Suppose -5*o = 2*y - 344, -t*o + 367 - 1169 = -5*y. Calculate the greatest common factor of 18 and y.
18
Suppose -3*r + 26 = -5*d, d = 5*r - 2*d - 22. Calculate t